). What are the prime factors of (-9)/(-3)*(-356)/u?
89
Let t = 1783 - 2557. List the prime factors of (-1)/((-21)/70)*t/(-4).
3, 5, 43
Let n(m) = 30046*m - 3386. List the prime factors of n(3).
2, 2711
Suppose -4*p - 1476 = -6*p. Let v = -501 + p. Suppose -3*u + 4*t = t - v, 4*u = 3*t + 319. List the prime factors of u.
2, 41
Let i(c) = 128*c + 90. Let m(v) = v. Let r(a) = -2*i(a) + 12*m(a). What are the prime factors of r(-4)?
2, 199
Let j(z) = -10*z - 1 + 1 + 9*z + 2. Let u be j(-3). Suppose 0*o = 3*o - 3*f - 174, 0 = -u*f - 15. List the prime factors of o.
5, 11
Suppose -122*q = -265688 - 794401 - 164425. What are the prime factors of q?
10037
Let k(y) = 2419*y**2 + 895*y - 2696. List the prime factors of k(3).
2, 5, 17
Suppose 3*g = -2*o + 3013, 5*o + 5*g - 5777 = 1773. List the prime factors of o.
37, 41
Let o(c) = -785*c + 1086. What are the prime factors of o(-12)?
2, 3, 17, 103
Suppose 5*u + 7235 = 6*w - w, 2*w - 2914 = -2*u. Let x be (-8)/(224/w) - 1/7. Let k = 216 + x. List the prime factors of k.
2, 41
Let o = 35942 - 21774. List the prime factors of o.
2, 7, 11, 23
Let i(p) be the first derivative of -11/3*p**3 - 28*p - 36 - 9/2*p**2 + 1/4*p**4. What are the prime factors of i(12)?
2
Let a(t) = -20*t + 820. List the prime factors of a(-38).
2, 5, 79
Let v(a) = a**2 + 15*a - 4. Let q be v(-14). Let k be q/(-63) - 219/7. Let f = k - -77. What are the prime factors of f?
2, 23
Suppose 8*o - 28 - 28 = 0. Suppose 3*d + o*x - 8*x = 1815, -2*x = d - 598. List the prime factors of d.
2, 151
Suppose -3*d - 2285 = -f, -13*d + 15*d + 4562 = 2*f. What are the prime factors of f?
43, 53
Let y(t) = -t**3 - 67*t**2 + 34*t + 853. What are the prime factors of y(-70)?
3, 4391
Suppose -35179 - 59633 = -12*o. What are the prime factors of o?
7901
Suppose y - 46 = -42. Suppose 0 = y*j - 8*j - 16. List the prime factors of (-125*j/2)/2.
5
Let w = -31 - -32. Let l be (-189)/(-18)*(w + 3). Let c = 82 + l. What are the prime factors of c?
2, 31
Let n(t) = 7*t**2 - 3*t - 13. Let g(u) = -u**2 + 1. Let z(i) = 6*g(i) + n(i). Suppose 56 + 24 = -10*l. List the prime factors of z(l).
3
Let w be (2 + (-18)/12)*(-58)/(-1). Suppose -3 = -8*u + w. Suppose 5*n + 0*n = u*k - 168, -3*k + 145 = n. What are the prime factors of k?
47
Let k = 539 - 541. List the prime factors of 1/k*(-2608)/4.
2, 163
Suppose 3*h + 50108 = 3*r - 23563, 6*r - 4*h - 147346 = 0. What are the prime factors of r?
41, 599
Suppose 142*h - 471*h + 15360023 = 0. What are the prime factors of h?
46687
Suppose 0 = -5*s + 3*i + 242, 4*s - 30*i + 26*i = 200. Suppose 30*t + 960 = s*t. What are the prime factors of t?
2, 3, 5
Let i = 7148 + -1552. List the prime factors of i.
2, 1399
Suppose 13 = -2*g + 3*q, -q + 5 + 4 = 4*g. Let m(l) = -l**3 + 4*l**2 + 7*l - 11. Let r be m(5). List the prime factors of (-5 - -4)*(80*r + g).
79
Let h(s) = 20 - 11 - 8 - 6*s. What are the prime factors of h(-19)?
5, 23
Let m = -8947 + 25200. What are the prime factors of m?
16253
Let j(u) = -17*u**2 - 12*u + 12. Let f be j(-8). Let n = -644 - f. What are the prime factors of n?
2, 3, 7
Let i = -7355 + 14482. List the prime factors of i.
7127
Suppose 0 = 2*b + 3*j + 99, 3*j - 6*j - 225 = 5*b. Let t = -32 - b. Let v(a) = 11*a + 4. List the prime factors of v(t).
2, 3, 19
Let c = 8460 - 4253. What are the prime factors of c?
7, 601
Suppose 5*g + 40 = -20. What are the prime factors of ((-216)/(-84))/((-1)/(3976/g))?
2, 3, 71
List the prime factors of (16 - (-11 + 28)) + 0 + 40661.
2, 5, 19, 107
Let b = 213 - 167. Suppose -40*w = -b*w + 1800. List the prime factors of w.
2, 3, 5
Let f = 33 - -132. Let t = f - 19. What are the prime factors of t?
2, 73
Suppose 0 = 2*i + 80*o - 77*o - 4327, -o + 10824 = 5*i. Suppose -4*g = -i + 593. What are the prime factors of g?
3, 131
Let j = 537 + -987. Let g = j + 681. List the prime factors of g.
3, 7, 11
Let r(a) = 60*a**2 - 4*a + 152. List the prime factors of r(-19).
2, 3, 19
Suppose 4*y = 12*r - 7*r + 38144, 0 = -5*y - r + 47651. What are the prime factors of y?
3, 353
Let f = -15 + -123. Let v = f - -313. What are the prime factors of v?
5, 7
Let w(d) = d**3 - 5*d**2 + 2*d + 1070. Suppose -i = -4*v - 3, -3*v - v + 6 = 2*i. List the prime factors of w(v).
2, 5, 107
Let z be -3*(-12)/(-90) - (-64)/10. Suppose -13 = z*x + 77. List the prime factors of (5 - -85)*(x/(-9) + -1).
2, 3, 5
Let h = -119 + 152. List the prime factors of (-8)/44 + -1 + 9576/h.
17
Suppose -232*o = -233*o - 320. Let r = o + 819. List the prime factors of r.
499
Let z be 4/(-20) + ((-1176)/35)/(-3). Suppose -z*a + 8*a + 2*w + 3817 = 0, 5*w + 1268 = a. What are the prime factors of a?
19, 67
Let r = 56 + -47. Suppose -r*c = -39 - 6. Suppose 40 - 310 = -c*i. List the prime factors of i.
2, 3
Let t = 397 - -221. Suppose 2*c + 3*h - 1842 = -c, h = c - t. List the prime factors of c.
2, 7, 11
Let w be 2/10 + 1639/55. What are the prime factors of 390 + w/(-5) + 8?
2, 7
Let u(f) = -3716*f - 337. What are the prime factors of u(-5)?
3, 2027
Let z be 3*1*(-1 + 0) - -24. Let h be 6606/z - (-3)/7. Suppose 4*n - 9*n + h = 0. List the prime factors of n.
3, 7
Suppose -2*n = -2*j + 6, 0*n - n = -2*j + 2. Let o(x) = -138*x - 6. List the prime factors of o(j).
2, 3, 11
Let j = 81 - 82. Let l(f) = -131*f - 17. What are the prime factors of l(j)?
2, 3, 19
Let u(l) = l**3 + 11*l**2 + 87*l + 65. List the prime factors of u(28).
11, 31, 97
Let u be (-186)/2 + 2/(-2)*-1. Let y = u + 116. What are the prime factors of (59535/24)/9 + 9/y?
2, 3, 23
Let v = -9943 + 20788. What are the prime factors of v?
3, 5, 241
Let r(z) = z**3 + 5*z**2 + 30*z + 9495. List the prime factors of r(0).
3, 5, 211
Suppose -16*r + 223 = 47. Suppose -5*c - r + 26 = 0. Suppose 2*o + 2*l = 254, 5*o - c*l - 662 = l. List the prime factors of o.
2, 5, 13
Suppose 385 = 11*t - 4*t. List the prime factors of 8478/8 + t/220.
2, 5, 53
Let s be 3/(-6) - 150/4. Let l = 43 + s. List the prime factors of (-199)/(-4) + l/20 + 0.
2, 5
Suppose -115*b + 157*b - 82928 - 132700 = 0. What are the prime factors of b?
2, 17, 151
Let u(n) = -75*n**2 - 3*n - 1. Let a(d) = -d - 1. Let x(r) = a(r) - u(r). What are the prime factors of x(-2)?
2, 37
Let f(d) = 27*d - 54. Let a be f(2). List the prime factors of (9 + a)/(35/5320).
2, 3, 19
Let w be (756/(-35))/(2/(-65)). Suppose -2*v - v = -w. Suppose 0 = -2*f - 5*j + 106, 0*j = -4*f + j + v. What are the prime factors of f?
2, 29
Suppose -5*l + 276 = -3*k - 710, 0 = -4*l + 3*k + 787. What are the prime factors of -4 + l*(-2 + 3)?
3, 5, 13
What are the prime factors of (1343323/51 + 15)/(8/12)?
2, 9883
Suppose -75*o + 71*o - 48 = 0. Let y(m) = 3*m**2 + 11*m + 71. What are the prime factors of y(o)?
7, 53
Suppose 14*a = 82 + 16. Suppose -4*n + 9361 = a*n. List the prime factors of n.
23, 37
Let b(u) = -u**3 + 5*u**2 - 5*u + 1. Let i be b(4). Let m = 4719 - 4713. What are the prime factors of (9*i/m - -4)*-334?
167
Suppose -29*k = -1030996 + 77740 - 459740. List the prime factors of k.
2, 13, 937
Let r = 82 + -867. Let l = r - -1122. List the prime factors of l.
337
Let z = 9185 - 548. What are the prime factors of z?
3, 2879
Let x(v) = -310*v + 1778. What are the prime factors of x(-60)?
2, 23, 443
Let i be (-1 + 4)/(33/55). Suppose -i = 3*w - 683. Let q = -122 + w. What are the prime factors of q?
2, 13
Let v = 0 + 5. Let k be 11/55 - (-24)/v. Suppose -2*p + 118 = 4*i, 2*i = k*p - 2*p - 145. What are the prime factors of p?
3, 17
Let s be (-836)/(-28) + 2/14. Let j be (4/10)/(3/s). Suppose -u + 307 = j*m, 7*m - 2*m - 365 = -5*u. List the prime factors of m.
2, 3, 13
Let l = -118952 + 184052. List the prime factors of l.
2, 3, 5, 7, 31
Let f(v) = 6*v**2 + 84*v + 27. Suppose 74*p = 77*p - 33. What are the prime factors of f(p)?
3, 13, 43
List the prime factors of 97/((-2052)/(-204) + -10).
17, 97
Suppose 252*y - 1137814 = 1827708 + 1111082. List the prime factors of y.
7, 2311
Let w(k) be the second derivative of -19*k**3/3 + 115*k**2/2 - 9*k + 12. List the prime factors of w(-10).
3, 5, 11
Suppose -72*y = 113*y + 47*y - 8482152. What are the prime factors of y?
3, 7, 1741
Let d = -4650 - -15747. What are the prime factors of d?
3, 137
Suppose -12*j + 28600 = -35228. List the prime factors of j.
3, 197
Let u = -183 + 388. Suppose 3*f -